) to base 2.
101101111
44111 (base 5) to base 12
1907
What is 29250 (base 12) in base 6?
1121340
What is -241123 (base 6) in base 14?
-7923
What is 75d0 (base 15) in base 3?
1021012220
What is 46 (base 16) in base 11?
64
-584 (base 9) to base 2
-111100001
Convert 4a1 (base 16) to base 5.
14220
32343 (base 5) to base 13
1020
What is 2413 (base 5) in base 4?
11212
Convert 4047 (base 8) to base 9.
2768
105306 (base 7) to base 11
13038
95a4 (base 12) to base 9
24437
Convert -897 (base 16) to base 9.
-3013
What is 12832 (base 9) in base 6?
104132
What is b071 (base 13) in base 7?
130504
What is -7903 (base 11) in base 5?
-313114
566 (base 13) to base 15
41e
What is 811 (base 11) in base 9?
1308
-bc9e (base 15) to base 3
-2000211112
Convert -44552 (base 6) to base 11.
-4781
-b41 (base 12) to base 6
-11321
Convert 101100101000000 (base 2) to base 11.
16191
-3950 (base 11) to base 2
-1010000010001
-110011001 (base 2) to base 11
-342
2a7c (base 13) to base 11
4715
Convert -4341 (base 5) to base 15.
-29b
162 (base 10) to base 15
ac
Convert -416 (base 15) to base 16.
-399
Convert -166 (base 16) to base 5.
-2413
What is -2010221 (base 3) in base 5?
-22224
What is -331 (base 16) in base 10?
-817
Convert 20022 (base 3) to base 14.
c2
Convert 20992 (base 10) to base 13.
972a
Convert -1045005 (base 6) to base 15.
-10a35
What is c3b (base 14) in base 6?
15045
Convert 102100 (base 4) to base 13.
6bb
What is -6b44 (base 14) in base 4?
-10203320
What is -2271 (base 12) in base 4?
-323311
What is -314 (base 16) in base 7?
-2204
18a (base 12) to base 10
250
-59c1 (base 13) to base 12
-73b3
Convert 6dae (base 15) to base 12.
1160b
100101101101100 (base 2) to base 12
b210
1cf (base 16) to base 3
122011
-24364 (base 9) to base 3
-211102011
What is -441 (base 14) in base 12?
-5a1
-2414 (base 5) to base 11
-2a7
What is 100101101011 (base 2) in base 10?
2411
-1011110111 (base 2) to base 5
-11014
Convert 41101 (base 5) to base 6.
20135
Convert 107 (base 13) to base 3.
20112
What is 2da9 (base 14) in base 7?
32602
201141 (base 7) to base 16
84f3
What is -3085 (base 13) in base 9?
-10164
What is -21102212 (base 3) in base 16?
-152f
Convert 2d77 (base 14) to base 7.
32510
1323030 (base 4) to base 9
11730
Convert -1273 (base 11) to base 5.
-23103
What is -258 (base 12) in base 4?
-11210
2401 (base 8) to base 4
110001
-201 (base 16) to base 15
-243
Convert 15637 (base 10) to base 9.
23404
What is -2a364 (base 11) in base 14?
-11973
What is -19287 (base 10) in base 2?
-100101101010111
-201525 (base 8) to base 2
-10000001101010101
Convert -1d92 (base 14) to base 5.
-133140
Convert 7761 (base 10) to base 2.
1111001010001
5433 (base 10) to base 16
1539
What is -1943 (base 10) in base 15?
-898
Convert 5947 (base 14) to base 7.
63220
-1111010 (base 3) to base 8
-2073
Convert 257 (base 14) to base 3.
122101
d7 (base 16) to base 12
15b
-301 (base 15) to base 12
-484
What is -3203 (base 4) in base 5?
-1402
Convert 1a080 (base 11) to base 3.
1102110111
Convert 7521 (base 15) to base 10.
24781
Convert a384 (base 13) to base 16.
5839
Convert -10032 (base 6) to base 11.
-a97
Convert 1101122100 (base 3) to base 10.
27441
1312 (base 9) to base 12
69b
What is -17523 (base 8) in base 14?
-2ccb
What is -28484 (base 9) in base 14?
-70a6
-1031 (base 4) to base 13
-5c
4481 (base 15) to base 4
3202321
What is -103445 (base 7) in base 2?
-100011010010001
What is 12331112 (base 4) in base 14?
a55c
Convert -3335 (base 16) to base 11.
-9938
Convert -353601 (base 7) to base 3.
-10020110010
-62d (base 14) to base 3
-1200002
What is -1112 (base 11) in base 6?
-10441
-39a (base 13) to base 6
-2534
1121001 (base 3) to base 14
5d0
What is -2352 (base 10) in base 16?
-930
-1465 (base 14) to base 3
-11221222
What is -1012221 (base 3) in base 9?
-1187
What is -1178 (base 9) in base 8?
-1561
Convert -2234 (base 10) to base 13.
-102b
Convert -1553 (base 8) to base 13.
-524
What is -9a0 (base 12) in base 6?
-10320
What is -487 (base 13) in base 2?
-1100010011
8870 (base 9) to base 2
1100110001111
-11341 (base 10) to base 12
-6691
-3a45 (base 11) to base 12
-3058
What is badc (base 14) in base 3?
1122100201
1044105 (base 6) to base 8
147011
-316 (base 11) to base 13
-233
What is 30236 (base 7) in base 11?
5562
What is 1011000010111011 (base 2) in base 16?
b0bb
What is 61776 (base 9) in base 2?
1001111100011011
What is -e8b (base 15) in base 11?
-2513
-1099 (base 11) to base 14
-74b
What is 10602 (base 9) in base 8?
15611
Convert -1a9 (base 15) to base 9.
-466
Convert -205131 (base 6) to base 5.
-1013222
823 (base 13) to base 6
10221
Convert 23b (base 16) to base 2.
1000111011
What is -5420 (base 6) in base 8?
-2324
What is 491 (base 11) in base 13?
35c
Convert 5b6 (base 16) to base 10.
1462
What is 3a77 (base 13) in base 3?
102111100
5225 (base 6) to base 3
1121022
-300303 (base 4) to base 14
-11d1
-120302 (base 5) to base 4
-1011210
-1a3 (base 13) to base 12
-212
-161 (base 8) to base 11
-a3
What is -10011100000100 (base 2) in base 14?
-38d6
-40222 (base 7) to base 2
-10010111110110
-503051 (base 6) to base 3
-2000021011
Convert -213143 (base 7) to base 16.
-9104
What is -7aa (base 11) in base 15?
-447
Convert -62353 (base 8) to base 3.
-1022102212
Convert 71062 (base 9) to base 7.
253121
What is 4144 (base 5) in base 13?
333
144105 (base 6) to base 4
3120221
3201 (base 9) to base 5
33400
What is -112101020 (base 3) in base 14?
-3b6a
1131144 (base 6) to base 10
58600
-57416 (base 9) to base 10
-38247
Convert -39f (base 16) to base 2.
-1110011111
1321320 (base 5) to base 16
675c
What is -2432 (base 6) in base 5?
-4341
What is -110101101000 (base 2) in base 15?
-103c
-124420 (base 7) to base 8
-55227
Convert 1101101000010 (base 2) to base 8.
15502
What is -10b38 (base 15) in base 8?
-147641
What is 1064 (base 7) in base 11?
324
What is -443 (base 8) in base 14?
-16b
What is 5831 (base 13) in base 15?
3a02
Convert 173534 (base 8) to base 13.
22a91
963 (base 10) to base 14
4cb
Convert 265 (base 12) to base 10.
365
What is -11000011111 (base 2) in base 13?
-937
What is 102122100 (base 3) in base 7?
33513
Convert -1bc (base 16) to base 15.
-1e9
Convert 17d7 (base 15) to base 16.
1420
2431 (base 5) to base 10
366
-11678 (base 9) to base 5
-222342
Convert 12230 (base 4) to base 9.
525
Convert -3bb (base 14) to base 13.
-45c
-647 (base 14) to base 12
-873
2037 (base 16) to base 4
2000313
What is 104320 (base 7) in base 15?
567a
What is 38aa (base 14) in base 12?
5912
Convert 235605 (base 7) to base 3.
2011202100
Convert -1331 (base 4) to base 2.
-1111101
What is -11010110010110 (base 2) in base 7?
-54665
What is -1412233 (base 5) in base 4?
-13012030
Convert -122023 (base 5) to base 8.
-11036
-10340 (base 6) to base 8
-2624
What is -305 (base 12) in base 10?
-437
Convert 272 (base 13) to base 4.
12233
208 (base 14) to base 2
110010000
-35c9 (base 14) to base 12
-5525
Convert 6160 (base 11) to base 12.
4891
What is -199a0 (base 12) in base 15?
-b289
What is -130040 (base 5) in base 11?
-3854
Convert -2871 (base 10) to base 15.
-cb6
-676 (base 12) to base 16
-3ba
-20421 (base 6) to base 9
-3684
What is -29331 (base 12) in base 15?
-1207d
Convert -100101111101000 (base 2) to base 14.
-7120
20644 (base 7) to base 3
21000221
25051 (base 11) to base 6
434345
24 (base 10) to base 9
26
What is -101010100101 (base 2) in base 4?
-222211
Convert 70a (base 11) to base 8.
1531
What is b5 (base 14) in base 10?
159
-3210320 (base 4) to base 6
-151452
Convert 6565 (base 13) to base 3.
201100121
303 (base 12) to base 8
663
Convert -787b (base 12) to base 14.
-4c11
3462 (base 7) to base 10
1269
What is -1030225 (base 6) in base 9?
-76408
Convert 490a (base 11) to base 15.
1d83
572 (base 16) to base 12
982
What is 45535 (base 8) in base 2?
100101101011101
962 (base 14) to base 10
1850
What is 4887 (base 16) in base 5?
1043232
What is -551 (base 8) in base 6?
-1401
10122001 (base 3) to base 6
20131
What is 51462 (base 8) in base 16?
5332
Convert 100320 (base 4) to base 8.
2070
Convert -100144 (base 5) to base 13.
-15a2
Convert -82a (base 16) to base 9.
-2772
Convert 33663 (base 10) to base 7.
200100
1412 (base 9) to base 13
63b
Convert -b751 (base 12) to base 11.
-140a2
Convert 306 (base 10) to base 13.
1a7
What is -2622 (base 7) in base